 + 2444. Let s(u) be the second derivative of 0 - 2/3*u**3 + 1/2*u**2 + 1/12*u**k + 9*u. Determine s(3).
-2
Suppose -11*c + k = 62, 5*k - 4 = 6*k. Let i be (-2)/4*-2*13. Let x(w) = 15*w**2 + 5*w + 1. Let j(n) = 7*n**2 + 2*n. Let m(g) = c*x(g) + i*j(g). Give m(6).
6
Let s = 4683 + -4679. Let j(p) = -14*p + 1. Calculate j(s).
-55
Let t(m) = -m**3 + 17*m**2 - 22. Let h = -4403 - -4420. Give t(h).
-22
Let m(l) = -3*l - 105. Let s be ((-7)/5)/(9/180). Give m(s).
-21
Suppose -6*r = -10*r + 8, -k - r = -4. Let j(v) = -12*v**k - 8 + 17*v**2 + 10*v - 4*v**2. What is j(-6)?
-32
Let v(j) = 34*j - 1 - 938*j**3 - 4 + j**2 + 937*j**3 - 3*j**2 - 13*j**2. Give v(-17).
-5
Let i(x) = 10*x - 18. Suppose -2*r + 8 = -2*s, -62*r + 64*r - s - 11 = 0. Calculate i(r).
52
Let v(a) = 8*a**2 - 17*a - 12. Let g(x) = 4*x**2 - 10*x - 7. Let n(m) = 10*g(m) - 6*v(m). Calculate n(1).
-4
Let x be (-5 - 28/(-7))/((-2)/10). Let w(c) = 41 - x*c - 92 + 56. Determine w(4).
-15
Suppose -9*j + 50 = -4*j. Suppose 2*c - 4 = -j. Let u be c*(3 - (-32)/(-12)). Let i(o) = -6*o - 1. Calculate i(u).
5
Let n be 419 + (-4)/(-4) - 6. Let k = 422 - n. Let u(t) = t**3 - 8*t**2 + t - 10. What is u(k)?
-2
Let h(f) = -f**3 + 9*f**2 + 4. Let b be h(9). Let c(g) = 3*g**3 + 7 - 2*g + g - 4*g**2 - b*g**3 + 4*g. Determine c(-5).
17
Let h(o) = 24 - 273197*o + 273196*o - 9 + 11. What is h(5)?
21
Suppose -5 = -6*m + 7. Let a = m + 2. Let v(o) = 14*o**2 - 11 + o**3 - 5*o**2 + o + a*o. What is v(-8)?
13
Suppose 113*j - 484 = -20*j - 4474. Let d(l) = -l**3 - 30*l**2 - 3*l - 78. Give d(j).
12
Let j(m) = 16*m + 203. Let r = 2186 - 2199. Calculate j(r).
-5
Let l(g) = g**3 - 6*g**2 - 6*g - 12. Suppose 4*v = -4*u + 28, 5*u - 127 = v - 92. Give l(u).
-5
Let p(k) be the second derivative of -k**3/3 - 5*k**2/2 + 2*k. Suppose -59 = b + 66. Let j = -129 - b. Calculate p(j).
3
Let l(w) = 29*w**2 - 2. Let n(x) = 2*x**3 + 103*x**2 + x - 7. Let k(u) = 7*l(u) - 2*n(u). Suppose 0 = 4*z - 0*z + 4. Give k(z).
3
Let f(m) = -m**2 + 3*m - 18. Suppose -3*g + 116*p - 111*p + 45 = 0, -g - 25 = 5*p. Give f(g).
-28
Let r(d) be the first derivative of -d**6/120 - d**5/6 + 3*d**4/8 - 5*d**3/2 - 13*d**2/2 + 66. Let m(f) be the second derivative of r(f). Calculate m(-11).
7
Suppose -288*o + 297*o - 18 = 0. Let h(l) = -7*l + 9. Calculate h(o).
-5
Let x(k) = k**3 + k**2 + 7*k - 6. Suppose 15 = -3*y - 16*q + 13*q, -20 = 5*y + 4*q. Calculate x(y).
-6
Let j(t) = t - 1. Let n(u) = 7*u - 4. Let z(w) = 5*j(w) - n(w). Let g be -8 + (1 - 1/(-1)). Let r be (-2)/g + (-5 - (-220)/33). Give z(r).
-5
Suppose -11*q + 16*q = -z + 28, 0 = 3*z - 4*q + 11. Let r(w) = -w**3 + 3*w**2 + 2*w + 2. Give r(z).
8
Let p(z) = -19*z + 23. Let u = 7977 + -7972. Give p(u).
-72
Let f(u) be the second derivative of -u**4/12 + 5*u**3/6 + 11*u**2/2 + 10*u. Suppose 23*x + 2 - 186 = 0. What is f(x)?
-13
Let y = -20 + 28. Suppose -30 = -9*l - 6*l. Let x(f) = 14*f**2 - 32*f**2 + y*f**l. Give x(-1).
-10
Suppose -5*n + 9*k + 65 = 4*k, -5*k - 29 = -3*n. Suppose 5 = 66*f - 67*f + 4*d, -4*f - 3*d + n = 0. Let j(g) = g - 7. Determine j(f).
-4
Let a(m) = m**3 - 6*m**2 + 5*m - 6. Let i(u) be the second derivative of -u**5/10 + 17*u**4/12 + 2*u**3 - 11*u**2 + 11*u. Let p be i(9). Give a(p).
-6
Let p(r) = -33 - 30 - 5*r + 101 - 30 - 22. Determine p(-8).
26
Let r(h) = 13*h - 332. Let k be ((-10)/65 + 638/(-78))*-3. Calculate r(k).
-7
Let r(p) be the first derivative of -p**3/3 + 17*p**2/2 + 149*p - 5442. Calculate r(23).
11
Let h(l) be the second derivative of l**4/6 - 9*l**3/2 + 97*l**2/2 - 895*l + 3. Determine h(7).
6
Let y be (-8)/20 + 36/15. Let s(z) = -1 + 7*z**2 - 4*z**2 + 4*z - 2*z**y. Suppose -3*q = 21, -1218*j = -1223*j + 5*q + 10. Calculate s(j).
4
Suppose -4*l - 15 = a - 41, l + 19 = 4*a. Let t be (a + 84/(-15))*25. Let w(d) = -d**3 + 9*d**2 + 11*d - 11. What is w(t)?
-1
Let j(l) be the second derivative of -6*l**3 + 202*l**2 - 2771*l. Determine j(11).
8
Let s(j) = -j + 2. Let r(m) = -2*m - 8. Let b(d) = r(d) + 4*s(d). Suppose -3*h = 4*u - 32, u + 9 = h + 2*u. Let l be 3*h/24*-2. Calculate b(l).
6
Let d = 29 - 8. Let v be (-384)/(-112) + (-9)/d. Let w(c) = 3 + 2*c + 0*c - 6*c + c**2. Give w(v).
0
Let m(t) = 4*t**2 - 25*t - 14. Let o be m(7). Let v(y) = -y**3 + y**2 + 5*y**2 + 0*y**2 + o + 2*y**2 - 9*y**2. Suppose 0*i = -2*i. Calculate v(i).
7
Let l be (5 + (-6 - 0))*167. Let d = -167 - l. Let n(c) = c**2 + 6*c + 2. Let b(y) = -y**2 - 7*y - 3. Let z(i) = 6*b(i) + 7*n(i). Calculate z(d).
-4
Let s(d) = -2*d - 7. Let h be 1/(-4) + (-15)/(-60). Suppose -35 = 5*f - h*f. Give s(f).
7
Let q(c) = 2*c**2 + 10*c - 17. Let v be q(-10). Let j be (0 - v/3 - 0)*-3. Let z = j + -77. Let n(s) = s**2 - 7*s + 6. Give n(z).
0
Let y = 12 - 5. Let j(w) = -2*w**2 + 4*w - 9. Let s(u) = -13 + 23*u**2 + 5*u - 14*u**2 - 8*u**2 - 4*u**2. Let n(q) = 8*j(q) - 5*s(q). What is n(y)?
-7
Suppose 247*t = 245*t + 50. Let x(u) = -u - t + 24 + 5*u. Give x(6).
23
Let j(n) be the first derivative of 2/3*n**3 + 1/2*n**2 - n - 1/4*n**4 + 172. Give j(-2).
13
Let a(i) be the first derivative of -7*i**2/2 + 56*i - 701. Give a(10).
-14
Let w = -1 + 2. Suppose 70*r = 74*r - 4. Let a(i) = 18*i + 23*i - 5*i**2 + r + 4*i**2 - 42*i. What is a(w)?
-1
Let q be 3*4/(-30) - 1748/380. Let j(g) = -g**3 - 4*g**2 - 3*g - 10. Determine j(q).
30
Let c(n) be the first derivative of -n**4/4 - 2*n**3 - 7*n**2/2 - 8*n - 45. Let v be c(-5). Let f be (1 - (-19)/v)*10/15. Let b(l) = l - 10. Determine b(f).
-3
Let w be ((-3)/6)/(1/(-26)). Suppose 10*m = w*m - 6. Let u(n) = 19*n - 1 - 4 - 12*n - n**m. What is u(7)?
-5
Let l = -5047 + 5052. Let x(j) = -8*j + 53. What is x(l)?
13
Let q(l) = 63509*l - 63779*l - 1823 + 208. Determine q(-6).
5
Let k(z) = 9*z - 32. Let c(v) be the third derivative of -5*v**4/24 + 17*v**3/6 - 8*v**2. Let y(i) = 11*c(i) + 6*k(i). What is y(-4)?
-1
Let l(r) = r**3 - 3*r**2 + 2*r - 3. Let f(p) = -8*p**3 + 2 - 5*p**2 - 16*p**3 + 23*p**3 + 6*p. Let x be f(-6). Calculate l(x).
-3
Let v be 4 + -2 - -2*9/18. Let f(d) = -d**3 + 4*d**2 + 7*d - 13. Calculate f(v).
17
Let n(c) = -144*c**2 + 33*c - 2109. Let f(x) = -9*x**2 + 2*x - 128. Let w(h) = 33*f(h) - 2*n(h). Give w(-3).
-87
Let z(q) = 2*q**3 - 8*q**2 - 40*q + 90. Let g be z(6). Let t(w) = -10*w - 10. Determine t(g).
50
Let z(n) = -5*n**2 - 2*n - 2. Let o(h) = -11*h**2 - 4*h - 4. Suppose 7*g = 147 - 56. Let l(c) = g*z(c) - 6*o(c). Calculate l(-3).
13
Suppose 9*h - 10 = -1. Let o(f) be the first derivative of 4*f**3 - f + 2333. Calculate o(h).
11
Let j(g) be the second derivative of g**4/12 - g**3 - 7*g**2 + 2*g - 529. Determine j(7).
-7
Let k(x) = 14*x - 11. Let i be (-90)/12*4/5. Calculate k(i).
-95
Let m(z) = 5*z - 5. Let j be 4 + 0 + -14 + 7. Let x(v) = 7*v - 4. Let p(n) = j*x(n) + 2*m(n). Calculate p(1).
-9
Let u(s) = -s**2 - 6*s + 11. Let k(g) = -g**2 - 52*g + 4231. Let h be k(-96). Give u(h).
-80
Let a(h) = -2*h - 2. Let r(x) = x**3 + 5*x**2 - 6*x + 7. Let f be r(-6). Let l(k) = -321*k + 32 + 318*k - f. Let i be l(9). Give a(i).
2
Let p be (0 - (-126)/4)*1840/1610. Let l = 18 + -8. Let b(i) = -l - 27 + p + i. Determine b(-3).
-4
Suppose 0*m = 7*m + 6*m + 65. Let t(s) be the first derivative of s**2/2 + 10*s - 2. Calculate t(m).
5
Let d = 35 - 39. Let t be d - 0 - (5 - 9). Let r(c) = 5*c**2 + 2*c + 19. Let z(x) = -3*x**2 - x - 10. Let w(b) = -4*r(b) - 7*z(b). Give w(t).
-6
Let j(a) = a**2 - 2*a - 3. Let m = 38 + -35. Let n be j(m). Suppose n = -22*x + 23*x - 6. Let z(v) = -v**2 + 6*v. What is z(x)?
0
Let n(o) = 11*o**3 + 51*o**2 + 4*o - 11. Let w(t) = -7*t**3 - 32*t**2 - 2*t + 7. Let g(x) = -5*n(x) - 8*w(x). Let s be 32/(-10) - (-3)/15. What is g(s)?
-7
Let b(h) = 0 - 1 + 3 - 2*h. Let u be -31 + (2 - 9) + 5. Let j = u + 35. What is b(j)?
-2
Let l(u) = u - 1. Let z(o) = -67*o - 100. Let d(t) = 13*l(t) - z(t). Determine d(-1).
7
Let q(u) = -u**2 - 7*u. Suppose 5*j + 43 = 4*k, 3*k - 5*j = 2*k + 22. Let b(t) = t**3 - 5*t**2 - 16*t + 10. Let v be b(k). Calculate q(v).
12
Let m be (4 + -2 - (-9 + 9))*(0 + -2). Let s(p) be the first derivative of p**3/2 - p**2/2 - 3*p + 1. Let t(q) be the first derivative of s(q). Calculate t(m).
-13
Let b(s) be the third derivative of s**4/8 - 55*s**3/6 + 9*s**2. Let n be b(20). Let p(j) = 2*j + 2*j - j**2 - 2 + 0 + 0. Calculate p(n).
-7
Let t